ist the prime factors of 1216457161.
1216457161
List the prime factors of 23886591.
3, 19, 619, 677
List the prime factors of 3337818060.
2, 3, 5, 67, 577, 1439
What are the prime factors of 121142832?
2, 3, 103, 107, 229
What are the prime factors of 7214873138?
2, 11, 327948779
List the prime factors of 137374211.
13, 307, 34421
List the prime factors of 4071660292.
2, 7, 2137, 9721
What are the prime factors of 40297440?
2, 3, 5, 37, 2269
What are the prime factors of 389042223?
3, 5197, 24953
List the prime factors of 85759689.
3, 28586563
List the prime factors of 4640282.
2, 89, 131, 199
List the prime factors of 1362839659.
29, 103, 15733
What are the prime factors of 2092087576?
2, 31, 109, 193, 401
List the prime factors of 3171567322.
2, 7, 11, 20594593
List the prime factors of 2415208080.
2, 3, 5, 10063367
What are the prime factors of 240091792?
2, 47, 6793
What are the prime factors of 480404981?
7, 29, 2366527
What are the prime factors of 35814347?
35814347
What are the prime factors of 75599549?
29, 2606881
List the prime factors of 671157786.
2, 3, 13, 19, 452873
What are the prime factors of 257213398?
2, 13, 9892823
What are the prime factors of 230512264?
2, 53, 543661
What are the prime factors of 1782639449?
23, 3919, 19777
What are the prime factors of 346852524?
2, 3, 19, 317, 4799
List the prime factors of 60194768.
2, 3762173
List the prime factors of 37722421.
11, 79, 83, 523
List the prime factors of 582457602.
2, 3, 97076267
What are the prime factors of 5356268018?
2, 25409, 105401
What are the prime factors of 28965135?
3, 5, 1931009
What are the prime factors of 873176435?
5, 127, 751, 1831
What are the prime factors of 528460107?
3, 7, 677, 37171
List the prime factors of 52654826.
2, 7, 3761059
What are the prime factors of 67908207?
3, 22636069
List the prime factors of 34323546.
2, 3, 43, 173, 769
What are the prime factors of 418077896?
2, 61, 856717
List the prime factors of 294277879.
7, 857953
List the prime factors of 107046581.
97, 593, 1861
List the prime factors of 521798082.
2, 3, 13, 6689719
List the prime factors of 30137299.
71, 107, 3967
What are the prime factors of 18396477?
3, 11, 1877
What are the prime factors of 18928596?
2, 3, 1577383
List the prime factors of 3028587370.
2, 5, 151, 2005687
What are the prime factors of 3288671724?
2, 3, 13, 79, 1579
What are the prime factors of 23173247?
23173247
What are the prime factors of 161888023?
11, 53, 71, 3911
List the prime factors of 58820628.
2, 3, 4901719
List the prime factors of 9378594.
2, 3, 17, 30649
List the prime factors of 931648271.
37, 2129, 11827
What are the prime factors of 77282789?
77282789
What are the prime factors of 2646153?
3, 269, 1093
List the prime factors of 83055990.
2, 3, 5, 23, 120371
What are the prime factors of 47959845?
3, 5, 3197323
List the prime factors of 72466551.
3, 19, 423781
What are the prime factors of 456564800?
2, 5, 67, 4259
What are the prime factors of 296283848?
2, 7, 89, 59447
List the prime factors of 5296010749.
263, 367, 54869
List the prime factors of 415351673.
11, 271, 139333
List the prime factors of 41067506.
2, 20533753
List the prime factors of 513345797.
47, 2069, 5279
What are the prime factors of 2326986531?
3, 258554059
List the prime factors of 87969117.
3, 5189, 5651
List the prime factors of 1042901805.
3, 5, 11, 17, 97, 3833
What are the prime factors of 299403143?
13, 1783, 12917
What are the prime factors of 3981457424?
2, 7, 35548727
List the prime factors of 451052750.
2, 5, 239, 7549
What are the prime factors of 11703151?
31, 377521
What are the prime factors of 3752753589?
3, 13, 739, 43403
What are the prime factors of 4125109903?
59, 107, 653431
List the prime factors of 18980664.
2, 3, 790861
List the prime factors of 43586084.
2, 10896521
List the prime factors of 64736244.
2, 3, 257, 6997
What are the prime factors of 672845256?
2, 3, 9345073
List the prime factors of 15775279.
13, 1213483
List the prime factors of 135779150.
2, 5, 13, 208891
What are the prime factors of 178796894?
2, 23, 3886889
What are the prime factors of 2272474879?
19, 43, 2781487
What are the prime factors of 162436745?
5, 31, 1047979
What are the prime factors of 113253413?
7, 13, 1244543
List the prime factors of 1290965689.
13, 23, 4317611
List the prime factors of 189200787.
3, 59, 1019, 1049
List the prime factors of 249660106.
2, 173, 721561
List the prime factors of 31827089.
7, 127, 35801
List the prime factors of 2295891802.
2, 101, 241, 47161
What are the prime factors of 41545363?
31, 179, 7487
List the prime factors of 1920729405.
3, 5, 7, 18292661
List the prime factors of 25296191.
59, 107, 4007
What are the prime factors of 6691412502?
2, 3, 371745139
What are the prime factors of 515210523?
3, 241, 712601
What are the prime factors of 30242382?
2, 3, 5040397
What are the prime factors of 245386519?
7, 331, 105907
List the prime factors of 194943644.
2, 7, 233, 29881
List the prime factors of 1116638950.
2, 5, 7, 157, 2903
What are the prime factors of 75941670?
2, 3, 5, 7, 19, 2719
List the prime factors of 240170615.
5, 3191, 15053
What are the prime factors of 988273676?
2, 13, 19, 31, 41, 787
List the prime factors of 8413016.
2, 29, 36263
What are the prime factors of 181538924?
2, 7, 307, 431
What are the prime factors of 60382422?
2, 3, 41, 9091
List the prime factors of 42454872.
2, 3, 23, 31, 827
List the prime factors of 1438813596.
2, 3, 11, 10900103
What are the prime factors of 3093115670?
2, 5, 23, 131, 251, 409
What are the prime factors of 1863233168?
2, 1291, 90203
What are the prime factors of 3314798088?
2, 3, 7, 23, 857867
What are the prime factors of 846521762?
2, 23, 18402647
What are the prime factors of 118456269?
3, 4759, 8297
List the prime factors of 293382436.
2, 487, 150607
What are the prime factors of 65105273?
239, 272407
List the prime factors of 196596417.
3, 1951, 33589
What are the prime factors of 23726345?
5, 19, 137, 1823
What are the prime factors of 92994173?
92994173
List the prime factors of 567995139.
3, 19, 1107203
List the prime factors of 30628951.
17, 191, 9433
List the prime factors of 212942110.
2, 5, 41, 519371
What are the prime factors of 204808115?
5, 40961623
List the prime factors of 129637664.
2, 13, 281, 1109
What are the prime factors of 4237379397?
3, 41, 11483413
What are the prime factors of 597318655?
5, 29, 59, 69821
List the prime factors of 688671556.
2, 1381, 124669
List the prime factors of 665365107.
3, 11, 251, 80329
List the prime factors of 2440964886.
2, 3, 389, 1045829
What are the prime factors of 1242996529?
67, 337, 55051
List the prime factors of 28902402.
2, 3, 37, 43397
What are the prime factors of 157804887?
3, 349, 150721
What are the prime factors of 137494677?
3, 4523, 10133
List the prime factors of 1502748656.
2, 93921791
List the prime factors of 1292804740.
2, 5, 613, 105449
List the prime factors of 1854837547.
17, 6418123
List the prime factors of 2720219189.
19, 401, 357031
What are the prime factors of 95489936?
2, 5968121
What are the prime factors of 252397577?
19, 13284083
List the prime factors of 24786575.
5, 11, 173, 521
List the prime factors of 113526925.
5, 173, 26249
List the prime factors of 286650330.
2, 3, 5, 433, 22067
What are the prime factors of 604071782?
2, 302035891
What are the prime factors of 1290809433?
3, 73, 5894107
List the prime factors of 6906117.
3, 263, 8753
What are the prime factors of 6026766834?
2, 3, 11, 29, 1129, 2789
What are the prime factors of 115961339?
13, 8920103
List the prime factors of 17136728.
2, 7, 103, 2971
List the prime factors of 16576495.
5, 13, 255023
What are the prime factors of 206386321?
206386321
List the prime factors of 129486653.
19, 29, 235003
What are the prime factors of 2518359197?
61, 3823, 10799
List the prime factors of 2097212983.
2097212983
What are the prime factors of 760177911?
3, 253392637
List the prime factors of 125535387.
3, 41845129
What are the prime factors of 4082153?
149, 27397
List the prime factors of 17460707.
11, 37, 42901
List the prime factors of 224276426.
2, 11, 10194383
What are the prime factors of 740363327?
11, 241, 317, 881
List the prime factors of 7158115.
5, 97, 14759
List th